mainder when 846 is divided by 40?
6
Calculate the remainder when 1264 is divided by 1260.
4
Calculate the remainder when 113 is divided by 36.
5
Calculate the remainder when 186 is divided by 47.
45
Calculate the remainder when 2336 is divided by 26.
22
Calculate the remainder when 1063 is divided by 135.
118
Calculate the remainder when 1592 is divided by 17.
11
Calculate the remainder when 907 is divided by 205.
87
Calculate the remainder when 12491 is divided by 51.
47
What is the remainder when 2404 is divided by 127?
118
Calculate the remainder when 46 is divided by 20.
6
What is the remainder when 225 is divided by 12?
9
What is the remainder when 50 is divided by 50?
0
What is the remainder when 127 is divided by 41?
4
What is the remainder when 111 is divided by 63?
48
Calculate the remainder when 191 is divided by 68.
55
What is the remainder when 69 is divided by 4?
1
What is the remainder when 6610 is divided by 33?
10
What is the remainder when 3911 is divided by 326?
325
Calculate the remainder when 23 is divided by 7.
2
Calculate the remainder when 1041 is divided by 14.
5
What is the remainder when 218 is divided by 11?
9
What is the remainder when 110 is divided by 17?
8
What is the remainder when 8534 is divided by 15?
14
Calculate the remainder when 380 is divided by 99.
83
Calculate the remainder when 675 is divided by 34.
29
Calculate the remainder when 371 is divided by 215.
156
What is the remainder when 378 is divided by 19?
17
What is the remainder when 1319 is divided by 15?
14
What is the remainder when 343 is divided by 159?
25
Calculate the remainder when 2804 is divided by 216.
212
What is the remainder when 76 is divided by 61?
15
Calculate the remainder when 52769 is divided by 334.
331
What is the remainder when 70 is divided by 48?
22
What is the remainder when 149 is divided by 51?
47
Calculate the remainder when 2320 is divided by 194.
186
What is the remainder when 1647 is divided by 33?
30
What is the remainder when 345 is divided by 173?
172
Calculate the remainder when 93 is divided by 11.
5
Calculate the remainder when 4899 is divided by 29.
27
What is the remainder when 205 is divided by 104?
101
Calculate the remainder when 3183 is divided by 1050.
33
What is the remainder when 333 is divided by 48?
45
What is the remainder when 256 is divided by 114?
28
Calculate the remainder when 807 is divided by 124.
63
Calculate the remainder when 51 is divided by 27.
24
Calculate the remainder when 317 is divided by 81.
74
What is the remainder when 261 is divided by 116?
29
Calculate the remainder when 1337 is divided by 19.
7
Calculate the remainder when 106 is divided by 12.
10
Calculate the remainder when 6954 is divided by 174.
168
What is the remainder when 47 is divided by 13?
8
What is the remainder when 159 is divided by 147?
12
What is the remainder when 12026 is divided by 19?
18
What is the remainder when 13773 is divided by 112?
109
What is the remainder when 726 is divided by 28?
26
Calculate the remainder when 5371 is divided by 21.
16
What is the remainder when 136 is divided by 13?
6
Calculate the remainder when 144 is divided by 41.
21
Calculate the remainder when 12862 is divided by 192.
190
Calculate the remainder when 758 is divided by 375.
8
Calculate the remainder when 536 is divided by 9.
5
Calculate the remainder when 82 is divided by 28.
26
Calculate the remainder when 2611 is divided by 17.
10
Calculate the remainder when 1782 is divided by 51.
48
What is the remainder when 1065 is divided by 26?
25
What is the remainder when 193 is divided by 39?
37
What is the remainder when 459 is divided by 66?
63
What is the remainder when 295 is divided by 142?
11
What is the remainder when 255 is divided by 105?
45
Calculate the remainder when 3238 is divided by 81.
79
Calculate the remainder when 415 is divided by 71.
60
Calculate the remainder when 8574 is divided by 16.
14
What is the remainder when 170 is divided by 16?
10
Calculate the remainder when 121 is divided by 33.
22
What is the remainder when 752 is divided by 153?
140
What is the remainder when 23618 is divided by 31?
27
Calculate the remainder when 7579 is divided by 21.
19
What is the remainder when 1119 is divided by 554?
11
What is the remainder when 304 is divided by 12?
4
What is the remainder when 1148 is divided by 36?
32
What is the remainder when 90 is divided by 51?
39
What is the remainder when 159 is divided by 23?
21
Calculate the remainder when 2705 is divided by 123.
122
Calculate the remainder when 208 is divided by 19.
18
Calculate the remainder when 1172 is divided by 25.
22
Calculate the remainder when 389 is divided by 66.
59
What is the remainder when 2571 is divided by 18?
15
Calculate the remainder when 429 is divided by 36.
33
Calculate the remainder when 207 is divided by 26.
25
Calculate the remainder when 326 is divided by 4.
2
Calculate the remainder when 1912 is divided by 623.
43
What is the remainder when 86 is divided by 11?
9
What is the remainder when 293 is divided by 98?
97
What is the remainder when 150 is divided by 7?
3
What is the remainder when 540 is divided by 21?
15
What is the remainder when 211 is divided by 8?
3
Calculate the remainder when 4892 is divided by 136.
132
Calculate the remainder when 30 is divided by 12.
6
What is the remainder when 61 is divided by 56?
5
What is the remainder when 69 is divided by 54?
15
Calculate the remainder when 2606 is divided by 100.
6
What is the remainder when 117 is divided by 20?
17
Calculate the remainder when 164 is divided by 34.
28
Calculate the remainder when 2355 is divided by 169.
158
Calculate the remainder when 617 is divided by 90.
77
What is the remainder when 294 is divided by 33?
30
Calculate the remainder when 198 is divided by 122.
76
Calculate the remainder when 562 is divided by 12.
10
Calculate the remainder when 296 is divided by 93.
17
Calculate the remainder when 430 is divided by 214.
2
What is the remainder when 557 is divided by 93?
92
What is the remainder when 4586 is divided by 82?
76
Calculate the remainder when 264 is divided by 195.
69
What is the remainder when 9454 is divided by 86?
80
What is the remainder when 111 is divided by 17?
9
Calculate the remainder when 24 is divided by 19.
5
What is the remainder when 227 is divided by 27?
11
What is the remainder when 80 is divided by 38?
4
Calculate the remainder when 120 is divided by 25.
20
What is the remainder when 426 is divided by 29?
20
What is the remainder when 8735 is divided by 52?
51
Calculate the remainder when 4826 is divided by 124.
114
What is the remainder when 7297 is divided by 166?
159
Calculate the remainder when 301 is divided by 147.
7
Calculate the remainder when 2639 is divided by 243.
209
Calculate the remainder when 6687 is divided by 32.
31
What is the remainder when 344 is divided by 23?
22
What is the remainder when 9239 is divided by 33?
32
What is the remainder when 2259 is divided by 87?
84
Calculate the remainder when 2879 is divided by 43.
41
Calculate the remainder when 519 is divided by 279.
240
What is the remainder when 398 is divided by 233?
165
Calculate the remainder when 1357 is divided by 34.
31
Calculate the remainder when 3167 is divided by 32.
31
Calculate the remainder when 191 is divided by 98.
93
Calculate the remainder when 212 is divided by 31.
26
What is the remainder when 991 is divided by 241?
27
Calculate the remainder when 8715 is divided by 25.
15
What is the remainder when 87 is divided by 62?
25
What is the remainder when 56 is divided by 30?
26
What is the remainder when 86 is divided by 15?
11
What is the remainder when 1298 is divided by 52?
50
What is the remainder when 51 is divided by 21?
9
Calculate the remainder when 3303 is divided by 14.
13
Calculate the remainder when 3509 is divided by 698.
19
What is the remainder when 1484 is divided by 369?
8
What is the remainder when 470 is divided by 215?
40
Calculate the remainder when 253 is divided by 57.
25
Calculate the remainder when 202 is divided by 142.
60
What is the remainder when 5260 is divided by 93?
52
What is the remainder when 31665 is divided by 39?
36
What is the remainder when 2480 is divided by 93?
62
What is the remainder when 